19.
3, 197
List the prime factors of 5844.
2, 3, 487
What are the prime factors of 6587?
7, 941
What are the prime factors of 4255?
5, 23, 37
What are the prime factors of 15336?
2, 3, 71
List the prime factors of 3783.
3, 13, 97
What are the prime factors of 3294?
2, 3, 61
List the prime factors of 94357.
157, 601
What are the prime factors of 4616?
2, 577
What are the prime factors of 34687?
34687
List the prime factors of 5747.
7, 821
List the prime factors of 429.
3, 11, 13
List the prime factors of 1047.
3, 349
What are the prime factors of 58066?
2, 29033
What are the prime factors of 47394?
2, 3, 2633
List the prime factors of 116462.
2, 58231
List the prime factors of 14231.
7, 19, 107
What are the prime factors of 34332?
2, 3, 2861
List the prime factors of 1361.
1361
What are the prime factors of 66260?
2, 5, 3313
What are the prime factors of 160?
2, 5
What are the prime factors of 912?
2, 3, 19
What are the prime factors of 376?
2, 47
List the prime factors of 18079.
101, 179
What are the prime factors of 70579?
163, 433
List the prime factors of 11087.
11087
List the prime factors of 277.
277
What are the prime factors of 82333?
281, 293
List the prime factors of 36900.
2, 3, 5, 41
List the prime factors of 32527.
11, 2957
What are the prime factors of 2453?
11, 223
What are the prime factors of 21016?
2, 37, 71
What are the prime factors of 3293?
37, 89
What are the prime factors of 184?
2, 23
What are the prime factors of 2541?
3, 7, 11
List the prime factors of 114166.
2, 13, 4391
What are the prime factors of 60452?
2, 7, 17, 127
List the prime factors of 49665.
3, 5, 7, 11, 43
What are the prime factors of 2193?
3, 17, 43
What are the prime factors of 1340?
2, 5, 67
List the prime factors of 5443.
5443
What are the prime factors of 1359?
3, 151
What are the prime factors of 2777?
2777
What are the prime factors of 446?
2, 223
List the prime factors of 9849.
3, 7, 67
What are the prime factors of 674?
2, 337
List the prime factors of 869.
11, 79
What are the prime factors of 1299?
3, 433
What are the prime factors of 12855?
3, 5, 857
List the prime factors of 2487.
3, 829
List the prime factors of 773.
773
What are the prime factors of 11921?
7, 13, 131
List the prime factors of 6113.
6113
What are the prime factors of 38163?
3, 12721
What are the prime factors of 2822?
2, 17, 83
What are the prime factors of 2502?
2, 3, 139
List the prime factors of 2580.
2, 3, 5, 43
List the prime factors of 10820.
2, 5, 541
What are the prime factors of 1913?
1913
List the prime factors of 13620.
2, 3, 5, 227
List the prime factors of 8258.
2, 4129
What are the prime factors of 41125?
5, 7, 47
What are the prime factors of 97055?
5, 7, 47, 59
List the prime factors of 419.
419
List the prime factors of 1569.
3, 523
List the prime factors of 2090.
2, 5, 11, 19
List the prime factors of 152416.
2, 11, 433
List the prime factors of 46535.
5, 41, 227
List the prime factors of 1016.
2, 127
What are the prime factors of 1424?
2, 89
What are the prime factors of 1730?
2, 5, 173
List the prime factors of 4011.
3, 7, 191
List the prime factors of 5001.
3, 1667
What are the prime factors of 17163?
3, 1907
List the prime factors of 1818.
2, 3, 101
List the prime factors of 1383.
3, 461
What are the prime factors of 32725?
5, 7, 11, 17
What are the prime factors of 543?
3, 181
List the prime factors of 39370.
2, 5, 31, 127
List the prime factors of 8966.
2, 4483
List the prime factors of 52437.
3, 7, 11, 227
What are the prime factors of 22?
2, 11
List the prime factors of 9016.
2, 7, 23
List the prime factors of 12986.
2, 43, 151
List the prime factors of 15078.
2, 3, 7, 359
What are the prime factors of 2508?
2, 3, 11, 19
List the prime factors of 48076.
2, 7, 17, 101
List the prime factors of 10471.
37, 283
What are the prime factors of 3286?
2, 31, 53
List the prime factors of 6628.
2, 1657
List the prime factors of 32675.
5, 1307
What are the prime factors of 5536?
2, 173
List the prime factors of 1273.
19, 67
List the prime factors of 78214.
2, 39107
List the prime factors of 44876.
2, 13, 863
What are the prime factors of 7322?
2, 7, 523
List the prime factors of 8516.
2, 2129
List the prime factors of 8977.
47, 191
What are the prime factors of 7195?
5, 1439
What are the prime factors of 687?
3, 229
List the prime factors of 12893.
12893
List the prime factors of 6626.
2, 3313
What are the prime factors of 10876?
2, 2719
List the prime factors of 9492.
2, 3, 7, 113
What are the prime factors of 54?
2, 3
What are the prime factors of 9208?
2, 1151
List the prime factors of 1375.
5, 11
List the prime factors of 754.
2, 13, 29
List the prime factors of 64091.
64091
List the prime factors of 562.
2, 281
What are the prime factors of 3318?
2, 3, 7, 79
List the prime factors of 1853.
17, 109
List the prime factors of 1166.
2, 11, 53
List the prime factors of 7602.
2, 3, 7, 181
What are the prime factors of 3243?
3, 23, 47
List the prime factors of 1469.
13, 113
What are the prime factors of 175858?
2, 23, 3823
What are the prime factors of 9201?
3, 3067
List the prime factors of 602.
2, 7, 43
List the prime factors of 2790.
2, 3, 5, 31
What are the prime factors of 80053?
17, 277
What are the prime factors of 1554?
2, 3, 7, 37
What are the prime factors of 1609?
1609
List the prime factors of 3601.
13, 277
What are the prime factors of 3677?
3677
What are the prime factors of 5924?
2, 1481
List the prime factors of 19344.
2, 3, 13, 31
List the prime factors of 271.
271
What are the prime factors of 581?
7, 83
What are the prime factors of 1419?
3, 11, 43
What are the prime factors of 12549?
3, 47, 89
List the prime factors of 902.
2, 11, 41
What are the prime factors of 26143?
13, 2011
List the prime factors of 15283.
17, 29, 31
List the prime factors of 7770.
2, 3, 5, 7, 37
List the prime factors of 101.
101
List the prime factors of 813.
3, 271
What are the prime factors of 1681?
41
What are the prime factors of 1580?
2, 5, 79
List the prime factors of 26917.
11, 2447
List the prime factors of 1451.
1451
What are the prime factors of 363?
3, 11
List the prime factors of 25131.
3, 8377
List the prime factors of 4469.
41, 109
List the prime factors of 6968.
2, 13, 67
List the prime factors of 89528.
2, 19, 31
What are the prime factors of 25195?
5, 5039
What are the prime factors of 878?
2, 439
List the prime factors of 31375.
5, 251
What are the prime factors of 2133?
3, 79
List the prime factors of 77763.
3, 7, 23
List the prime factors of 24790.
2, 5, 37, 67
What are the prime factors of 3216?
2, 3, 67
What are the prime factors of 63641?
23, 2767
What are the prime factors of 52667?
52667
What are the prime factors of 1451?
1451
List the prime factors of 41273.
149, 277
List the prime factors of 31175.
5, 29, 43
What are the prime factors of 1093?
1093
What are the prime factors of 110367?
3, 12263
List the prime factors of 94452.
2, 3, 17, 463
List the prime factors of 29073.
3, 11, 881
List the prime factors of 75899.
71, 1069
List the prime factors of 1169.
7, 167
List the prime factors of 519.
3, 173
List the prime factors of 52107.
3, 11, 1579
What are the prime factors of 4993?
4993
List the prime factors of 1812.
2, 3, 151
What are the prime factors of 45421?
53, 857
List the prime factors of 20271.
3, 29, 233
What are the prime factors of 2094?
2, 3, 349
What are the prime factors of 2444?
2, 13, 47
List the prime factors of 24561.
3, 2729
List the prime factors of 33.
3, 11
What are the prime factors of 201?
3, 67
List the prime factors of 2051.
7, 293
What are the prime factors of 2500?
2, 5
What are the prime factors of 46?
2, 23
What are the prime factors of 2951?
13, 227
What are the prime factors of 9863?
7, 1409
List the prime factors of 623.
7, 89
What are the prime factors of 91202?
2, 31, 1471
What are the prime factors of 14262?
2, 3, 2377
What are the prime factors of 783?
3, 29
What are the prime factors of 1334?
2, 23, 29
List the prime factors of 176701.
7, 25243
What are the prime factors of 160443?
3, 17827
List the prime factors of 3136.
2, 7
List the prime factors of 11214.
2, 3, 7, 89
List the prime factors of 12398.
2, 6199
What are the prime factors of 323?
17, 19
List the prime factors of 28547.
28547
What are 